 r - 5 = -5*m - 7, -4*m - 3*r = 6. Let x(w) = 7*w**2 - 7*w + 10. Let i(k) = -4*k**2 + 4*k - 5. Let c(p) = 5*i(p) + 3*x(p). Give c(m).
5
Let q(y) = 2*y + 3. Let p be q(-4). Let f = -10 - p. Let c(w) be the third derivative of w**4/24 + 2*w**3/3 - w**2. Calculate c(f).
-1
Let t(w) = -3*w + 1. Let n be t(-1). Let z be (6/(-4))/((-6)/16). Let o(q) = -2*q - 2*q**2 + 0 - q**2 - z + q**3. What is o(n)?
4
Let s(z) be the second derivative of z**3/6 - 12*z. Calculate s(6).
6
Let i be (-6)/(-4)*4/(-3). Let p(n) = -n**3 - n**2 + 3*n + 3. Calculate p(i).
1
Let f = -127 + 131. Let j(t) = -t + 1. What is j(f)?
-3
Let z be 8/(-36) - 40/(-18). Suppose -8 = 6*r - z*r. Let m(a) = -a**2. Give m(r).
-4
Let a(z) be the first derivative of z**4/8 - z**3/2 + 7*z**2/2 - 1. Let t(n) be the second derivative of a(n). Give t(2).
3
Let i(s) = -4*s - 2. Let n(o) = 3*o + 2. Let b(k) = -6*i(k) - 7*n(k). Determine b(-4).
-14
Let r(w) be the second derivative of w**5/120 - 5*w**4/24 + w**3/2 - w. Let a(m) be the second derivative of r(m). Calculate a(5).
0
Let j(s) be the second derivative of s**4/12 - s**3/6 - s. Let f be (14/49)/(2/14). Suppose -f = -2*o + 4*o. Calculate j(o).
2
Let r(y) be the second derivative of y**3/6 + y**2/2 + 23*y. Determine r(8).
9
Let a(t) be the second derivative of -t**4/12 + t**3/2 + 5*t**2/2 + 4*t. Give a(4).
1
Let s(n) = n - 3. Suppose 4*z - 3*z + 1 = 0. Let h be (3 + 2*z)*2. Determine s(h).
-1
Suppose 11 = 3*j + 2. Let c be 3/(-9) + 7/3. Suppose c*a = -j*a. Let i(l) = l**2 + l + 5. Give i(a).
5
Let g(s) = -s**2 - 8*s - 4. Let p(h) = 5*h**2 + 33*h + 15. Let d(w) = 9*g(w) + 2*p(w). Let c be (-2)/9 - (116/(-36) + -3). Calculate d(c).
-6
Let r(g) be the first derivative of 2*g**3/3 - 2*g - 1. Let p be (-15)/(-35) - 768/28. Let o = -25 - p. What is r(o)?
6
Let l(y) = -4 + 7 + 46*y + 42*y - 86*y. Determine l(-6).
-9
Suppose 0*z - 5*z = -5*r - 5, 4*z - 32 = -3*r. Suppose 2 - 10 = -2*j. Let d(h) = -h + j*h - h - 4. Calculate d(r).
4
Let l(s) = s**3 - 4*s**2 + s. Suppose -2*k = -13 - 37. Suppose 0 = 5*o - 4*h + 5, k = 5*o - 0*o + 2*h. What is l(o)?
-6
Let o(p) be the first derivative of 2*p**3/3 - p**2 + 2*p + 9. Calculate o(3).
14
Let k(s) = -s - 2. Suppose -2*i = 3*i - 30. Let g be (6 + 15)*4/i. Suppose -2 + g = -2*o. What is k(o)?
4
Let h(j) = -j**2 + 4*j + 4. Let w = 12 + -12. Suppose w = 11*g - 6*g - 25. Give h(g).
-1
Let y = -20 - -22. Let z(u) = 3*u - 6*u + y*u + 0*u. Calculate z(0).
0
Let t(h) = -3*h. Let z(j) = j + 9. Let o be z(-7). Let k be 54/(-10) - o/(-5). Let c = k - -3. Give t(c).
6
Let x(o) = -o - 3. Let k = 15 + -10. Suppose k*j - 8 = -3. Suppose t + j = -2*i - 0*i, 3*i + 3*t - 6 = 0. Give x(i).
0
Let g be -1*(-1 - -3) - -11. Let f(t) = 2*t**2 + 8*t**3 - g*t**3 + 5*t**2 - 6*t + 2. Determine f(6).
2
Let w(j) = j**3 + 7*j**2 - 7*j + 13. Let a be w(-8). Let v(q) = -q**2 + 8*q - 1. Calculate v(a).
14
Let p be (-16)/56 - (-52)/(-14). Let j(u) be the first derivative of u**4/4 + 4*u**3/3 + u**2/2 + 4*u - 2. Give j(p).
0
Let c = 4 + 1. Let y(m) = 3*m - 6. Give y(c).
9
Suppose 2*g - 4*g - 16 = 2*o, 0 = 2*g - o + 10. Let q(m) = -m**3 - 5*m**2 + 4*m - 4. Give q(g).
8
Let o(d) = -2*d + 5. Let f = -12 + 4. Let k(z) = z**3 + 8*z**2 - z - 2. Let j be k(f). Determine o(j).
-7
Let h(b) = -b - 2 + 2. Let k(x) = -x**2 + 8*x - 3. Let q be k(5). Suppose 0 = -4*y + q - 4. Give h(y).
-2
Let x(d) = d**3 + 11*d**2 + 9*d - 2. Let v be x(-10). Let r be 2 - (0/2 + v). Let i(z) = -2*z - 6. Calculate i(r).
6
Let j(d) = d - 8. Let h be j(6). Let z(c) = c**3 - 2*c**2 - 4*c - 3. Calculate z(h).
-11
Let z(f) = -f**2 + 6*f - 8. Let y be z(4). Let j = y + -2. Let i(g) = 3*g**2 + 3*g + 3. Give i(j).
9
Let c(v) = 3*v - 4. Let j be c(3). Suppose -j*y - 12 = -2. Let h be -2*(4 + y)/4. Let q(p) = 10*p. Calculate q(h).
-10
Let k be 3/12 - (-6)/8. Let u = k - 2. Let h(y) = -5*y**3 - 1. Calculate h(u).
4
Let q(n) = n - 7. Let g be (2 + -4)*(-5)/2. What is q(g)?
-2
Let w(k) = 2*k - 1. Let p = 6 + -3. Let l be w(p). Let c(d) = -l*d - 1 + 2 + 2 - d**2. Calculate c(-5).
3
Let s(h) = h**2 + h - 1. Let v = -2 - -9. Let l = -4 + v. Suppose -u = l*u. Calculate s(u).
-1
Let c = 0 - 4. Let g(d) = 2*d - 374*d**2 - 2 + 379*d**2 + d**3 - 1 - 2. Calculate g(c).
3
Let z(g) = 9*g**2 - 12*g + 15. Let m(y) = 4*y**2 - 6*y + 7. Let x(n) = 7*m(n) - 3*z(n). Determine x(3).
-5
Let h(k) = 3*k + 3. Let l(a) = a**3 + 7*a**2 - 2. Let s be l(-7). What is h(s)?
-3
Let a be -2 - (2 + (-6 - -2)). Let u(g) = -g**2 + 7*g + 3. Let r be u(7). Let d(x) = x**3 + 2*x**r - 4*x**3 - 3*x + 2*x. Calculate d(a).
0
Let n(i) = -i**2 - 5*i + 7. Suppose 0 = -5*o + 15, -4*y + 8*y + 2*o = -22. What is n(y)?
-7
Let m(p) = 1 - p + p + 4*p**3. Let z be (-5)/15 - (-6)/45*-5. Calculate m(z).
-3
Let b(w) = w + 2. Let z be b(-2). Suppose 3*h + z*h + 6 = 2*s, 5*h = s - 3. Let x(m) = m - 1. Calculate x(h).
-1
Let y = 7 - 6. Let l(p) = -p**2 - y + p**2 + p**2. Give l(2).
3
Suppose -5*m - 4*o = 13, -3*o + 2 = -3*m - 22. Let k(i) be the second derivative of 0 + 2*i**2 - 2*i - 1/12*i**4 - 2/3*i**3. Give k(m).
-1
Let y(b) = b + 7. Let q(j) = -j - 6. Let s(l) = 4*q(l) + 3*y(l). Determine s(-4).
1
Let u(t) be the second derivative of -t**4/12 + t**3/6 + t**2 + 4*t + 4. Give u(-3).
-10
Let h be (9/3)/(-3) + 1. Let c be h*(2 - (-2)/(-2)). Let x(r) = r - 4. Determine x(c).
-4
Let r(i) be the first derivative of -i**2/2 - 7*i + 16. Calculate r(-7).
0
Let u(r) = r**3 + 3*r**2 + r - 1. Let w = 114 - 117. Determine u(w).
-4
Let d(v) = 0*v**3 + 14 - v**3 + 6*v - 12 - 9 - 4*v**2. Give d(-5).
-12
Let b(x) be the third derivative of -x**5/30 - x**4/12 - x**3/3 - 8*x**2. What is b(-2)?
-6
Let q(o) = o - 10. Suppose -3*l = 4*n - 34, 4*n - 5*l = 16 + 2. Calculate q(n).
-3
Let o(y) = -2*y - 6. Let x(l) = l + 3. Let j(r) = 3*o(r) + 7*x(r). Calculate j(-6).
-3
Suppose 9 = 2*c - 3*s, -5*c - 2*s + 0*s = 6. Suppose -1 = -h + 1. Let p(n) = -h*n + 0*n + 5 + n + 0 + n**3. What is p(c)?
5
Let i(t) = 2*t**3 + 4*t**2 + 2*t - 1. Let a(v) = -v**2 + 3*v + 4. Let w be a(7). Let p be (-4)/w - (-34)/12. Let d be (p + 0 + 1)/(-2). Determine i(d).
-5
Let d(q) = 7*q**3 + 2*q**2 + 5*q. Let u be -6*(0 - 6/(-4)). Let k(a) = 15*a**3 + 5*a**2 + 11*a. Let t(h) = u*d(h) + 4*k(h). What is t(1)?
-2
Let m(j) be the first derivative of j**4/4 + j**3 - 3*j**2/2 + 10. Suppose i + 6 = -v, 5*i = 2*v + i. What is m(v)?
-4
Suppose i = -2*v - 8, i - 16 = 4*v - 0*i. Let p = -5 + 8. Let n(m) = -p + 5 - 7 - 2*m. Give n(v).
3
Let m be (-46)/6 - 6/(-9). Let g = m - -10. Let o = g + 0. Let a(b) = b**3 - 3*b**2 - b + 3. Calculate a(o).
0
Let q be -2 + -2 + -1 + 2. Let t(n) be the first derivative of n**2 + 2*n - 1. Give t(q).
-4
Suppose 5*b = -0*b - 20. Let k(c) be the third derivative of -c**6/120 - c**5/12 - 5*c**4/24 + c**3/6 + 4*c**2. What is k(b)?
5
Let b(k) be the third derivative of 5*k**4/24 - 22*k**2. What is b(3)?
15
Let v(o) = o**2. Let u(t) = -2*t**2 + 9*t + 9. Let i(z) = -u(z) - 3*v(z). What is i(-6)?
9
Let w(n) = n**2 - 6*n + 3. Suppose -14 - 1 = -5*u. What is w(u)?
-6
Let t(y) = -10*y**2 + y + 7*y**3 + 0*y - 7 + 0*y**2 - 6*y**3. Calculate t(10).
3
Let w(o) = -o**3 - 6*o**2 - 2*o - 7. Let g(y) be the second derivative of -y**4/12 - 5*y**3/6 + 4*y. Let p be g(-6). Give w(p).
5
Let o(t) = t**2 + 4*t. Let x(g) = g + 1. Let z be x(3). Suppose 5*i = 10, -5*r - i + 6 = -3*i. Suppose -4*j - 4*k - z = 0, -35 = j + r*j - 5*k. What is o(j)?
5
Let d(j) be the first derivative of -j**2 - j + 1. Suppose -h = -5*h - 8. Determine d(h).
3
Let l(p) = 9*p - 2. Let g(h) = 280*h - 63. Let r(x) = 2*g(x) - 63*l(x). Suppose 2 = u + u. Calculate r(u).
-7
Let g(v) = -v**2 - v + 1. Let l(r) = -3*r**2 - 9*r + 6. Let j(t) = -5*g(t) + l(t). Calculate j(3).
7
Let w(s) = -13*s**3 + 21*s**2 + s - 7. Let r(l) = -7*l**3 + 11*l**2 + l - 4. Let n(g) = 11*r(g) - 6*w(g). What is n(4)?
2
Let r(i) = i**3 - 2*i**2 + i - 2. Let s(d) = -d**3 + d**2 - d - 1. Let v be s(-1). What is r(v)?
0
Let b(w) be the second derivative of -4*w + 0 - 3/2*w**2 - 1/12*w**4 - 5/6*w**3. What is b(-3)?
3
Let d(k) = k**3 + 6*k**2 + k + 1. Let x be 5*((-168)/(-20))/(-7). Calculate d(x).
-5
Let u(o) = -o**2 + 4*o + 8. Let h be (-1 - 0)*(-6 + 4). Suppose 6 = h*z - z. Determine u(z).
-4
Let v be (0 + 1*-2)*1. Let f(s) = 4*s**2 + s - 2. Let p(a) b